c(p) = -15*p**2 - 1380*p + 2820. What is c(-94)?
0
Let b(t) = -21*t**2 - 9*t + 15. What is b(2)?
-87
Let q(n) = n**3 + 74*n**2 + 1312*n + 322. Calculate q(-45).
7
Let v(l) = -l**3 + 3*l**2 + 147*l - 623. What is v(4)?
-51
Let m(p) = 2*p - 146. Calculate m(-3).
-152
Let f(d) = -4*d - 69. Determine f(4).
-85
Let n(g) = -35*g**2 + 13*g + 11. Determine n(-3).
-343
Let r(y) = y**2 - 374*y - 2661. What is r(-7)?
6
Let n(c) = -2*c**3 - 29*c**2 - 57*c + 22. Calculate n(-12).
-14
Let g(s) = -s**2 - 19*s - 75. Calculate g(-10).
15
Let o(q) = -3*q**2 + 121*q + 157. What is o(44)?
-327
Let j(t) = t**3 - 28*t**2 - 430*t + 3. Calculate j(-11).
14
Let d(m) = 9*m**2 + 1718*m - 204. Determine d(-191).
-13
Let l(n) = 3166*n + 9501. Give l(-3).
3
Let v(r) = 2*r**3 + 26*r**2 + 16*r - 94. Determine v(-13).
-302
Let g(n) = -n**3 + 15*n**2 + 6*n + 67. Determine g(16).
-93
Let h(o) = -6*o**2 - 300*o - 308. Give h(-49).
-14
Let m(j) = -j**3 - 18*j**2 - 57*j - 10. Determine m(-14).
4
Let s(c) = -c**2 - 83. Determine s(15).
-308
Let w(z) = -114*z + 463. Calculate w(7).
-335
Let r(v) = -14*v**3 + 59*v**2 - 20*v - 1. Calculate r(4).
-33
Let m(g) = -5*g**2 - 110*g - 185. Determine m(-21).
-80
Let y(d) = 2*d**3 + 2*d**2 - 4*d + 6. What is y(2)?
22
Let a(p) = -9*p**2 - 104*p + 307. Determine a(3).
-86
Let v(w) = 6*w**2 + 131*w + 720. Calculate v(-12).
12
Let q(p) = p**2 - 10*p + 684. Determine q(0).
684
Let z(y) = 2*y**3 + 21*y**2 + 33*y - 22. Determine z(-2).
-20
Let d(c) = -c**3 + 69*c**2 - 120*c - 959. Calculate d(67).
-21
Let f(k) = -k**3 + 39*k**2 + 10*k - 155. Calculate f(39).
235
Let i(n) = -n**2 - 8*n + 272. Calculate i(13).
-1
Let c(a) = -4*a**2 + 140*a - 1040. Determine c(11).
16
Let c(u) = -2*u**2 - 10*u + 53. Calculate c(-8).
5
Let g(d) = d - 45. Calculate g(51).
6
Let m(w) = 679*w - 1334. What is m(2)?
24
Let x(g) = g + 21. Give x(7).
28
Let l(n) = -n**3 - 3*n**2 + 41*n - 85. What is l(-9)?
32
Let g(a) = -10*a + 262. Determine g(0).
262
Let i(b) = -2*b**3 + 16*b**2 - 2*b + 7. Determine i(0).
7
Let t(g) = -g**2 + 503*g - 13. Give t(0).
-13
Let p(l) = 14*l + 293. Determine p(-19).
27
Let h(x) = -99*x - 212. Calculate h(-3).
85
Let b(r) = -r**3 - 11*r**2 - r - 71. What is b(0)?
-71
Let a(y) = y**3 - 21*y**2 - 95*y + 2006. Give a(21).
11
Let v(n) = -882*n - 3527. What is v(-4)?
1
Let i(g) = -2*g**2 + 12*g + 1122. What is i(-21)?
-12
Let m(g) = -g**3 - g**2 - 63*g + 17. What is m(0)?
17
Let l(i) = 12*i - 398. Determine l(34).
10
Let m(c) = -2*c**3 + 7*c**2 + 7*c - 4. Give m(4).
8
Let l(n) = -603*n - 25324. Determine l(-42).
2
Let x(q) = q**3 + 30*q**2 + 62*q + 164. What is x(-28)?
-4
Let m(i) = 258*i + 1306. Give m(-5).
16
Let i(c) = -78*c + 8822. Give i(113).
8
Let y(t) = t**2 - 980*t - 21026. Calculate y(-21).
-5
Let f(k) = k**3 - k**2 + k + 49. Give f(0).
49
Let p(d) = 33*d + 185. Calculate p(-11).
-178
Let i(g) = 15*g**2 - 985*g - 2943. What is i(-3)?
147
Let c(k) = 2*k**2 - 24*k + 59. Calculate c(5).
-11
Let m(f) = 11*f**3 - 6*f + 7. Give m(3).
286
Let l(j) = 2*j - 64. Determine l(5).
-54
Let u(x) = 35*x + 36. Determine u(3).
141
Let t(z) = z**3 - z**2 - 14*z - 48. What is t(0)?
-48
Let g(p) = 8*p**3 - p**2 - 13*p + 20. Give g(2).
54
Let w(h) = 29*h**2 - 3575*h + 989. Calculate w(123).
5
Let a(g) = -g**2 - 26*g + 12. Determine a(-17).
165
Let i(l) = l**3 - 20*l**2 - 109*l + 195. Give i(24).
-117
Let r(s) = -3*s**3 - 171*s**2 - 173*s - 275. Give r(-56).
5
Let f(l) = -4*l**2 - 84*l - 173. Calculate f(-2).
-21
Let a(c) = 42*c**2 - 18. Determine a(-2).
150
Let i(m) = -m**2 - 59*m + 127. Calculate i(-61).
5
Let x(j) = -4*j**2 - 10*j + 13. What is x(-2)?
17
Let u(n) = -2*n**2 + 196*n - 3653. Determine u(73).
-3
Let h(c) = c**2 + 50*c + 554. Determine h(-18).
-22
Let h(l) = l**3 - 3*l**2 - 44*l - 139. Determine h(-6).
-199
Let r(z) = z**2 + 32*z + 197. Give r(-9).
-10
Let u(v) = -271*v - 282. Give u(-1).
-11
Let c(h) = -h**2 - 26*h + 98. Calculate c(-39).
-409
Let s(z) = 53*z**3 + 19*z**2 - 21*z + 5. Calculate s(1).
56
Let y(m) = -m**2 + 43*m - 261. What is y(9)?
45
Let y(s) = -s**2 + 30*s + 25. Calculate y(0).
25
Let o(z) = 803*z + 9667. Give o(-12).
31
Let z(b) = -b**3 + 11*b**2 - 3*b - 62. Calculate z(10).
8
Let k(p) = 6856*p - 20569. Calculate k(3).
-1
Let b(l) = -8*l**3 - 242*l**2 - 56*l + 97. What is b(-30)?
-23
Let k(y) = -61*y**2 - 281*y + 12. Give k(-5).
-108
Let l(w) = -6*w**2 - 230*w - 112. What is l(-38)?
-36
Let n(l) = 8440*l - 295403. Give n(35).
-3
Let z(w) = -w**3 - 14*w**2 + 43*w + 2. What is z(-14)?
-600
Let w(k) = -2788*k + 5500. What is w(2)?
-76
Let g(y) = -y**3 + 3*y**2 + 10*y + 26. What is g(0)?
26
Let v(r) = r**2 + 596*r - 2994. Give v(5).
11
Let w(d) = d**2 - 16*d + 97. Determine w(18).
133
Let f(s) = s**3 + 39*s**2 - 168*s + 172. Calculate f(-43).
0
Let c(h) = h**2 - 249*h + 13954. Determine c(85).
14
Let p(h) = 2504*h + 65130. Determine p(-26).
26
Let s(d) = 277*d - 25. Give s(-1).
-302
Let i(r) = -9*r - 37. Calculate i(0).
-37
Let m(j) = -j**2 - 113*j - 1207. Determine m(-12).
5
Let m(g) = g**3 + 198*g**2 + 39*g + 7727. Give m(-198).
5
Let r(a) = 10*a**2 - 716*a + 4869. Give r(64).
5
Let u(r) = 451*r - 425. Calculate u(1).
26
Let g(u) = -40*u - 624. Calculate g(-15).
-24
Let a(v) = 28*v - 2200. Calculate a(78).
-16
Let w(a) = -636*a**2 + 3*a + 5. What is w(-1)?
-634
Let d(s) = s**2 - 57*s - 371. Determine d(63).
7
Let i(m) = -87*m + 6258. Determine i(72).
-6
Let n(f) = 20*f**3 - f**2 - 11*f + 12. Calculate n(1).
20
Let u(a) = -2248*a + 22490. Give u(10).
10
Let f(y) = y**3 - 6*y**2 - 15*y + 9. What is f(9)?
117
Let f(r) = -25*r + 283. Calculate f(13).
-42
Let j(m) = -m**3 + 38*m**2 - 25*m - 439. Give j(37).
5
Let v(s) = -s**3 + 32*s**2 + 53*s + 560. Give v(34).
50
Let a(g) = g**3 - 15*g**2 + 21*g - 50. Calculate a(14).
48
Let l(o) = 14*o + 584. What is l(-39)?
38
Let f(w) = -2*w**2 + 1976*w - 4. Determine f(0).
-4
Let s(u) = 291*u - 2325. Calculate s(8).
3
Let l(g) = -g**3 - 29*g**2 - 30*g - 40. Determine l(-28).
16
Let r(n) = 6*n**2 - 209*n + 351. What is r(33)?
-12
Let r(h) = h**3 + 49*h**2 + 613*h + 397. Give r(-26).
7
Let m(x) = x**3 - 4*x**2 - 22*x + 3. Calculate m(7).
-4
Let w(q) = -q**3 - 46*q**2 - 532*q - 98. Calculate w(-24).
-2
Let m(j) = -8*j**2 - 193*j - 55. Determine m(-24).
-31
Let z(o) = -6*o**2 - 27*o - 7. What is z(-4)?
5
Let y(v) = v**2 + 69*v - 615. Determine y(8).
1
Let w(m) = 31*m + 193. Calculate w(-6).
7
Let w(s) = 72*s**2 - 2*s - 18. Calculate w(-3).
636
Let m(y) = 1203*y - 1170. Calculate m(1).
33
Let o(y) = -y**3 + 23*y**2 - 15*y - 51. Calculate o(22).
103
Let q(g) = g**2 - 19*g + 92. Give q(13).
14
Let p(b) = 27*b + 347. Calculate p(-15).
-58
Let u(z) = -129*z - 128. Give u(-2).
130
Let m(r) = 2*r**3 - 37*r**2 + 21*r + 65. Calculate m(18).
119
Let u(z) = -167*z + 802. Calculate u(5).
-33
Let n(g) = g**2 - 27*g - 224. What is n(33)?
-26
Let a(l) = -l**2 + 54*l + 362. Determine a(-6).
2
Let h(b) = -44*b**2 - 359*b - 53. What is h(-8)?
3
Let q(o) = o**3 - 2*o**2 - 27*o - 63. Determine q(7).
-7
Let v(u) = 2*u**3 - 5*u**2 - 5*u + 8. Calculate v(3).
2
Let h(y) = -139*y - 10. What is h(1)?
-149
Let u(j) = -26*j**2 + 208*j + 52. Determine u(8).
52
Let n(b) = -15*b**2 - 8*b + 10. Determine n(4).
-262
Let k(i) = -173*i + 1697. Calculate k(10).
-33
Let r(k) = -167*k - 1056. Calculate r(-6).
-54
Let y(m) = 11*m + 66. What is y(7)?
143
Let d(a) = 171*a - 10251. Calculate d(60).
9
Let q(s) = -522*s + 2611. Determine q(5).
1
Let p(u) = 46*u + 47. Determine p(-1).
1
Let h(j) = j**2 - 37*j + 299. Determine h(10).
29
Let j(g) = -7*g - 152. Determine j(-18).
-26
Let k(h) = h**2 + 2*h - 8. Calculate k(10).
112
Let b(z) = 25*z + 40. Give b(-13).
-285
Let w(a) = a**3 - 62*a**2 + 71*a + 2936. Give w(60).
-4
Let l(b) = 15*b + 88. Determine l(-6).
-2
Let p(l) = 21*l**3 - 103*l**2 - 37*l + 132. Give p(5).
-3
Let a(m) = 19*m - 206. Determine a(-10).
-396
Let d(k) = 1203*k + 4808. Give d(-4).
-4
Let b(t) = 11*t**3 + 1037*t**2 + 280*t - 181. Give b(-94).
7
Let w(j) = 3*j**3 + 279*j**2 + 5. Give w(-93).
5
Let g(u) = -u**3 + 22*u**2 + 76*u - 1214. Give g(23).
5
Let u(d) = -517*d + 49117. What is u(95)?
2
Let x(g) = -2*g**2 - 305*g - 10688. Calculate x(-98).
-6
Let j(z) = -35*z**2 + 164*z - 43. Calculate j(5).
-98
Let j(r) = r**3 + 28*r**2 -